nder when 1299 is divided by 86.
9
What is the remainder when 3555 is divided by 127?
126
What is the remainder when 158 is divided by 77?
4
What is the remainder when 228 is divided by 33?
30
Calculate the remainder when 12405 is divided by 88.
85
What is the remainder when 2806 is divided by 403?
388
Calculate the remainder when 188 is divided by 19.
17
What is the remainder when 19 is divided by 18?
1
What is the remainder when 4047 is divided by 90?
87
What is the remainder when 148 is divided by 19?
15
What is the remainder when 4729 is divided by 55?
54
What is the remainder when 6081 is divided by 243?
6
Calculate the remainder when 1147 is divided by 277.
39
Calculate the remainder when 32 is divided by 9.
5
Calculate the remainder when 3052 is divided by 34.
26
Calculate the remainder when 564 is divided by 145.
129
Calculate the remainder when 129 is divided by 123.
6
Calculate the remainder when 4737 is divided by 158.
155
What is the remainder when 260 is divided by 11?
7
Calculate the remainder when 1126 is divided by 223.
11
Calculate the remainder when 125 is divided by 16.
13
Calculate the remainder when 1191 is divided by 294.
15
Calculate the remainder when 143 is divided by 4.
3
Calculate the remainder when 1673 is divided by 32.
9
What is the remainder when 184 is divided by 43?
12
What is the remainder when 4333 is divided by 62?
55
Calculate the remainder when 11 is divided by 8.
3
What is the remainder when 3403 is divided by 74?
73
What is the remainder when 373 is divided by 160?
53
Calculate the remainder when 28 is divided by 23.
5
Calculate the remainder when 6238 is divided by 40.
38
Calculate the remainder when 237 is divided by 49.
41
What is the remainder when 6 is divided by 5?
1
Calculate the remainder when 996 is divided by 77.
72
Calculate the remainder when 311 is divided by 9.
5
What is the remainder when 2512 is divided by 90?
82
Calculate the remainder when 439 is divided by 142.
13
Calculate the remainder when 53 is divided by 31.
22
Calculate the remainder when 499 is divided by 74.
55
What is the remainder when 5803 is divided by 43?
41
What is the remainder when 2581 is divided by 15?
1
What is the remainder when 318 is divided by 25?
18
What is the remainder when 420 is divided by 47?
44
What is the remainder when 568 is divided by 12?
4
Calculate the remainder when 1277 is divided by 212.
5
What is the remainder when 25 is divided by 5?
0
What is the remainder when 1019 is divided by 73?
70
What is the remainder when 573 is divided by 205?
163
Calculate the remainder when 196 is divided by 30.
16
What is the remainder when 818 is divided by 112?
34
What is the remainder when 873 is divided by 172?
13
Calculate the remainder when 48 is divided by 11.
4
Calculate the remainder when 12521 is divided by 15.
11
Calculate the remainder when 9407 is divided by 24.
23
Calculate the remainder when 249 is divided by 42.
39
Calculate the remainder when 115 is divided by 48.
19
What is the remainder when 143 is divided by 30?
23
What is the remainder when 44 is divided by 35?
9
What is the remainder when 1113 is divided by 47?
32
Calculate the remainder when 84 is divided by 10.
4
Calculate the remainder when 1811 is divided by 52.
43
What is the remainder when 1634 is divided by 91?
87
What is the remainder when 150 is divided by 2?
0
Calculate the remainder when 260 is divided by 56.
36
What is the remainder when 930 is divided by 36?
30
What is the remainder when 391 is divided by 56?
55
What is the remainder when 26 is divided by 5?
1
Calculate the remainder when 1604 is divided by 107.
106
Calculate the remainder when 73 is divided by 38.
35
What is the remainder when 1748 is divided by 103?
100
Calculate the remainder when 624 is divided by 65.
39
What is the remainder when 31 is divided by 5?
1
Calculate the remainder when 389 is divided by 28.
25
Calculate the remainder when 516 is divided by 41.
24
Calculate the remainder when 115 is divided by 48.
19
What is the remainder when 494 is divided by 33?
32
Calculate the remainder when 1239 is divided by 338.
225
Calculate the remainder when 526 is divided by 23.
20
Calculate the remainder when 1043 is divided by 61.
6
What is the remainder when 455 is divided by 218?
19
Calculate the remainder when 244 is divided by 62.
58
Calculate the remainder when 648 is divided by 276.
96
Calculate the remainder when 105 is divided by 27.
24
What is the remainder when 1869 is divided by 134?
127
What is the remainder when 395 is divided by 31?
23
Calculate the remainder when 298 is divided by 80.
58
What is the remainder when 2051 is divided by 410?
1
What is the remainder when 4223 is divided by 25?
23
What is the remainder when 186 is divided by 32?
26
What is the remainder when 4483 is divided by 69?
67
Calculate the remainder when 3069 is divided by 112.
45
What is the remainder when 47 is divided by 3?
2
Calculate the remainder when 3208 is divided by 123.
10
What is the remainder when 187 is divided by 83?
21
Calculate the remainder when 177 is divided by 45.
42
Calculate the remainder when 2045 is divided by 676.
17
What is the remainder when 5066 is divided by 13?
9
What is the remainder when 28622 is divided by 26?
22
What is the remainder when 91 is divided by 48?
43
What is the remainder when 49630 is divided by 132?
130
Calculate the remainder when 147 is divided by 35.
7
What is the remainder when 507 is divided by 94?
37
What is the remainder when 2903 is divided by 195?
173
What is the remainder when 1538 is divided by 110?
108
Calculate the remainder when 67 is divided by 12.
7
What is the remainder when 2511 is divided by 29?
17
What is the remainder when 1337 is divided by 134?
131
What is the remainder when 1384 is divided by 94?
68
What is the remainder when 40 is divided by 31?
9
Calculate the remainder when 421 is divided by 179.
63
What is the remainder when 768 is divided by 60?
48
What is the remainder when 1159 is divided by 36?
7
What is the remainder when 759 is divided by 130?
109
What is the remainder when 146 is divided by 15?
11
Calculate the remainder when 398 is divided by 8.
6
Calculate the remainder when 76 is divided by 10.
6
What is the remainder when 89 is divided by 32?
25
Calculate the remainder when 846 is divided by 19.
10
What is the remainder when 4962 is divided by 5?
2
Calculate the remainder when 351 is divided by 6.
3
Calculate the remainder when 72 is divided by 37.
35
What is the remainder when 3889 is divided by 429?
28
What is the remainder when 1921 is divided by 120?
1
What is the remainder when 877 is divided by 426?
25
Calculate the remainder when 68 is divided by 8.
4
What is the remainder when 2302 is divided by 6?
4
Calculate the remainder when 872 is divided by 435.
2
Calculate the remainder when 235 is divided by 18.
1
Calculate the remainder when 2448 is divided by 25.
23
What is the remainder when 8441 is divided by 126?
125
What is the remainder when 4319 is divided by 108?
107
Calculate the remainder when 78 is divided by 34.
10
Calculate the remainder when 6620 is divided by 86.
84
Calculate the remainder when 389 is divided by 39.
38
What is the remainder when 2018 is divided by 92?
86
What is the remainder when 442 is divided by 74?
72
Calculate the remainder when 576 is divided by 76.
44
What is the remainder when 6017 is divided by 27?
23
What is the remainder when 681 is divided by 70?
51
What is the remainder when 1791 is divided by 128?
127
Calculate the remainder when 212 is divided by 38.
22
Calculate the remainder when 703 is divided by 115.
13
Calculate the remainder when 58 is divided by 18.
4
What is the remainder when 50 is divided by 10?
0
What is the remainder when 3113 is divided by 41?
38
Calculate the remainder when 242 is divided by 34.
4
Calculate the remainder when 1162 is divided by 580.
2
What is the remainder when 180 is divided by 26?
24
What is the remainder when 9609 is divided by 89?
86
Calculate the remainder when 3750 is divided by 80.
70
Calculate the remainder when 203 is divided by 70.
63
What is the remainder when 189 is divided by 32?
29
What is the remainder when 351 is divided by 17?
11
What is the remainder when 4570 is divided by 190?
10
What is the remaind